{"id":85,"date":"2014-07-12T10:10:29","date_gmt":"2014-07-12T08:10:29","guid":{"rendered":"http:\/\/vinivaldi.langhe.net\/?post_type=product&#038;p=85"},"modified":"2025-11-13T17:34:25","modified_gmt":"2025-11-13T16:34:25","slug":"barbera-monferrato-doc","status":"publish","type":"product","link":"https:\/\/www.vinivaldi.com\/weine\/produkt\/barbera-monferrato-doc\/","title":{"rendered":"Barbera Monferrato Cichina DOC"},"content":{"rendered":"<h2>Tasting notes<\/h2>\n<p>Anmerkungen bei der Weinprobe<\/p>\n<p>Der junge, freudige und spritzige Barbera zeigt eine rubinrote gl\u00e4nzende Farbe, die rein und konsistent ist. Er hat eine intensive, wohlriechende, lang anhaltende und fruchtige Duftnote. Man kann einen Hauch von Waldfr\u00fcchten wahrnehmen. Der Geschmack ist vollmundig, warm, harmonisch, weich und frisch.<\/p>\n<p>Er passt vorwiegend wunderbar zu fettigen Speisen, ganz besonders zur \u201eBagna Cauda\u201c (Fondue) mit der \u201eCardo Gobbo di Nizza Monferrato\u201c (Buckligen Distel von Nizza Monferrato).<\/p>\n<h2>Weinbereitung<\/h2>\n<p><strong>Methode<\/strong>: nat\u00fcrliche G\u00e4rung in Betonf\u00e4ssern f\u00fcr 12 Tage. In der Endphase wird der Wein gefiltert, um den G\u00e4rprozess zu stoppen. Wobei wenige Gramm Zucker zur\u00fcckgelassen werden, die f\u00fcr die Schaumbildung n\u00f6tig sind, damit daraus ein spritziger Wein wird.<br \/>\n<strong>Temperatur<\/strong>: 28 \u00b0C<br \/>\n<strong>Dauer<\/strong>: 12 Tage<br \/>\n<strong>Mindestlagerzeit in Flasche<\/strong>: 2 Monate<\/p>\n<h2>Flasche<\/h2>\n<p><strong>Leergewicht Flasche<\/strong>: 500 g<br \/>\n<strong>Reifungspotential<\/strong>: 2 Jahre<br \/>\n<strong>Gr\u00f6\u00dfe des Korkens<\/strong>: 26\u00d740<br \/>\n<strong>Material des Korkens<\/strong>: Kunststoff<br \/>\n<strong>Flaschentyp<\/strong>: Bordeaux<\/p>\n<h2>Weinberg<\/h2>\n<p><strong>% Trauben\/ Rebsorte<\/strong>: Barbera 100%<br \/>\n<strong>Boden<\/strong>: lehmig-kalkhaltig<br \/>\n<strong>Ausrichtung<\/strong>: \u00f6stlich<br \/>\n<strong>Anbaumethode<\/strong>: konventionell<br \/>\n<strong>Anpflanzung<\/strong>: 1987<br \/>\n<strong>Art der Weinernte<\/strong>: per Hand<\/p>\n<div id=\"gtx-trans\" style=\"position: absolute; left: -51px; top: 265.719px;\">\n<div class=\"gtx-trans-icon\"><\/div>\n<\/div>\n","protected":false},"excerpt":{"rendered":"<ul>\n<li><strong>Name des Produkts<\/strong>: CICHINA<\/li>\n<li><strong>Rebe<\/strong>: Barbera 100%<\/li>\n<li><strong>Ursprungsbezeichnung<\/strong>: Barbera del Monferrato<\/li>\n<li><strong>Klassifizierung<\/strong>: DOC<\/li>\n<li><strong>Farbe<\/strong>: rot<\/li>\n<li><strong>Typologie<\/strong>: spritzig<\/li>\n<li><strong>Flasche<\/strong>: 75 cl<\/li>\n<li><strong>Ort\/Region\/Land<\/strong>: Nizza Monferrato\/ Piemonte \/ Italien<\/li>\n<li><strong>Alkoholgehalt<\/strong>: 13,5%<\/li>\n<li><strong>Rests\u00fc\u00dfe<\/strong>: 1,1 g\/l<\/li>\n<li><strong>Enth\u00e4lt Sulfite<\/strong><\/li>\n<\/ul>\n","protected":false},"featured_media":1810,"comment_status":"closed","ping_status":"closed","template":"","meta":{"_genesis_hide_title":false,"_genesis_hide_breadcrumbs":false,"_genesis_hide_singular_image":false,"_genesis_hide_footer_widgets":false,"_genesis_custom_body_class":"","_genesis_custom_post_class":"","_genesis_layout":""},"product_brand":[],"product_cat":[24,10],"product_tag":[],"class_list":{"0":"post-85","1":"product","2":"type-product","3":"status-publish","4":"has-post-thumbnail","6":"product_cat-all-wines","7":"product_cat-vini-rossi","8":"entry","10":"first","11":"instock","12":"featured","13":"taxable","14":"shipping-taxable","15":"product-type-simple"},"yoast_head":"<!-- This site is optimized with the Yoast SEO plugin v26.7 - https:\/\/yoast.com\/wordpress\/plugins\/seo\/ -->\n<title>Barbera Monferrato DOC, Monferrato Weine, Italien<\/title>\n<meta name=\"description\" content=\"Barbera young, cheerful and lively wine with a brilliant ruby red. The bouquet is intense, fragrant, fruity and persistent with hints of berries\" \/>\n<meta name=\"robots\" content=\"index, follow, max-snippet:-1, max-image-preview:large, max-video-preview:-1\" \/>\n<link rel=\"canonical\" href=\"https:\/\/www.vinivaldi.com\/weine\/produkt\/barbera-monferrato-doc\/\" \/>\n<meta property=\"og:locale\" content=\"de_DE\" \/>\n<meta property=\"og:type\" content=\"article\" \/>\n<meta property=\"og:title\" content=\"Barbera Monferrato DOC, Monferrato Weine, Italien\" \/>\n<meta property=\"og:description\" content=\"Barbera young, cheerful and lively wine with a brilliant ruby red. The bouquet is intense, fragrant, fruity and persistent with hints of berries\" \/>\n<meta property=\"og:url\" content=\"https:\/\/www.vinivaldi.com\/weine\/produkt\/barbera-monferrato-doc\/\" \/>\n<meta property=\"og:site_name\" content=\"Landwirtschaftlicher Betrieb Ivaldi Dario von Ivaldi Andrea\" \/>\n<meta property=\"article:publisher\" content=\"https:\/\/www.facebook.com\/vinidelmonferrato\/\" \/>\n<meta property=\"article:modified_time\" content=\"2025-11-13T16:34:25+00:00\" \/>\n<meta property=\"og:image\" content=\"https:\/\/www.vinivaldi.com\/weine\/wp-content\/uploads\/2020\/04\/CichinaBarbera-Monferrato.jpg\" \/>\n\t<meta property=\"og:image:width\" content=\"890\" \/>\n\t<meta property=\"og:image:height\" content=\"890\" \/>\n\t<meta property=\"og:image:type\" content=\"image\/jpeg\" \/>\n<meta name=\"twitter:card\" content=\"summary_large_image\" \/>\n<meta name=\"twitter:label1\" content=\"Gesch\u00e4tzte Lesezeit\" \/>\n\t<meta name=\"twitter:data1\" content=\"2\u00a0Minuten\" \/>\n<script type=\"application\/ld+json\" class=\"yoast-schema-graph\">{\"@context\":\"https:\/\/schema.org\",\"@graph\":[{\"@type\":\"WebPage\",\"@id\":\"https:\/\/www.vinivaldi.com\/weine\/produkt\/barbera-monferrato-doc\/\",\"url\":\"https:\/\/www.vinivaldi.com\/weine\/produkt\/barbera-monferrato-doc\/\",\"name\":\"Barbera Monferrato DOC, Monferrato Weine, Italien\",\"isPartOf\":{\"@id\":\"https:\/\/www.vinivaldi.com\/weine\/#website\"},\"primaryImageOfPage\":{\"@id\":\"https:\/\/www.vinivaldi.com\/weine\/produkt\/barbera-monferrato-doc\/#primaryimage\"},\"image\":{\"@id\":\"https:\/\/www.vinivaldi.com\/weine\/produkt\/barbera-monferrato-doc\/#primaryimage\"},\"thumbnailUrl\":\"https:\/\/www.vinivaldi.com\/weine\/wp-content\/uploads\/2020\/04\/CichinaBarbera-Monferrato.jpg\",\"datePublished\":\"2014-07-12T08:10:29+00:00\",\"dateModified\":\"2025-11-13T16:34:25+00:00\",\"description\":\"Barbera young, cheerful and lively wine with a brilliant ruby red. The bouquet is intense, fragrant, fruity and persistent with hints of berries\",\"breadcrumb\":{\"@id\":\"https:\/\/www.vinivaldi.com\/weine\/produkt\/barbera-monferrato-doc\/#breadcrumb\"},\"inLanguage\":\"de\",\"potentialAction\":[{\"@type\":\"ReadAction\",\"target\":[\"https:\/\/www.vinivaldi.com\/weine\/produkt\/barbera-monferrato-doc\/\"]}]},{\"@type\":\"ImageObject\",\"inLanguage\":\"de\",\"@id\":\"https:\/\/www.vinivaldi.com\/weine\/produkt\/barbera-monferrato-doc\/#primaryimage\",\"url\":\"https:\/\/www.vinivaldi.com\/weine\/wp-content\/uploads\/2020\/04\/CichinaBarbera-Monferrato.jpg\",\"contentUrl\":\"https:\/\/www.vinivaldi.com\/weine\/wp-content\/uploads\/2020\/04\/CichinaBarbera-Monferrato.jpg\",\"width\":890,\"height\":890,\"caption\":\"CichinaBarbera-Monferrato\"},{\"@type\":\"BreadcrumbList\",\"@id\":\"https:\/\/www.vinivaldi.com\/weine\/produkt\/barbera-monferrato-doc\/#breadcrumb\",\"itemListElement\":[{\"@type\":\"ListItem\",\"position\":1,\"name\":\"Home\",\"item\":\"https:\/\/www.vinivaldi.com\/weine\/\"},{\"@type\":\"ListItem\",\"position\":2,\"name\":\"Shop\",\"item\":\"https:\/\/www.vinivaldi.com\/weine\/negozio\/\"},{\"@type\":\"ListItem\",\"position\":3,\"name\":\"Barbera Monferrato Cichina DOC\"}]},{\"@type\":\"WebSite\",\"@id\":\"https:\/\/www.vinivaldi.com\/weine\/#website\",\"url\":\"https:\/\/www.vinivaldi.com\/weine\/\",\"name\":\"Landwirtschaftlicher Betrieb Ivaldi Dario von Ivaldi Andrea\",\"description\":\"\",\"potentialAction\":[{\"@type\":\"SearchAction\",\"target\":{\"@type\":\"EntryPoint\",\"urlTemplate\":\"https:\/\/www.vinivaldi.com\/weine\/?s={search_term_string}\"},\"query-input\":{\"@type\":\"PropertyValueSpecification\",\"valueRequired\":true,\"valueName\":\"search_term_string\"}}],\"inLanguage\":\"de\"}]}<\/script>\n<!-- \/ Yoast SEO plugin. -->","yoast_head_json":{"title":"Barbera Monferrato DOC, Monferrato Weine, Italien","description":"Barbera young, cheerful and lively wine with a brilliant ruby red. The bouquet is intense, fragrant, fruity and persistent with hints of berries","robots":{"index":"index","follow":"follow","max-snippet":"max-snippet:-1","max-image-preview":"max-image-preview:large","max-video-preview":"max-video-preview:-1"},"canonical":"https:\/\/www.vinivaldi.com\/weine\/produkt\/barbera-monferrato-doc\/","og_locale":"de_DE","og_type":"article","og_title":"Barbera Monferrato DOC, Monferrato Weine, Italien","og_description":"Barbera young, cheerful and lively wine with a brilliant ruby red. The bouquet is intense, fragrant, fruity and persistent with hints of berries","og_url":"https:\/\/www.vinivaldi.com\/weine\/produkt\/barbera-monferrato-doc\/","og_site_name":"Landwirtschaftlicher Betrieb Ivaldi Dario von Ivaldi Andrea","article_publisher":"https:\/\/www.facebook.com\/vinidelmonferrato\/","article_modified_time":"2025-11-13T16:34:25+00:00","og_image":[{"width":890,"height":890,"url":"https:\/\/www.vinivaldi.com\/weine\/wp-content\/uploads\/2020\/04\/CichinaBarbera-Monferrato.jpg","type":"image\/jpeg"}],"twitter_card":"summary_large_image","twitter_misc":{"Gesch\u00e4tzte Lesezeit":"2\u00a0Minuten"},"schema":{"@context":"https:\/\/schema.org","@graph":[{"@type":"WebPage","@id":"https:\/\/www.vinivaldi.com\/weine\/produkt\/barbera-monferrato-doc\/","url":"https:\/\/www.vinivaldi.com\/weine\/produkt\/barbera-monferrato-doc\/","name":"Barbera Monferrato DOC, Monferrato Weine, Italien","isPartOf":{"@id":"https:\/\/www.vinivaldi.com\/weine\/#website"},"primaryImageOfPage":{"@id":"https:\/\/www.vinivaldi.com\/weine\/produkt\/barbera-monferrato-doc\/#primaryimage"},"image":{"@id":"https:\/\/www.vinivaldi.com\/weine\/produkt\/barbera-monferrato-doc\/#primaryimage"},"thumbnailUrl":"https:\/\/www.vinivaldi.com\/weine\/wp-content\/uploads\/2020\/04\/CichinaBarbera-Monferrato.jpg","datePublished":"2014-07-12T08:10:29+00:00","dateModified":"2025-11-13T16:34:25+00:00","description":"Barbera young, cheerful and lively wine with a brilliant ruby red. The bouquet is intense, fragrant, fruity and persistent with hints of berries","breadcrumb":{"@id":"https:\/\/www.vinivaldi.com\/weine\/produkt\/barbera-monferrato-doc\/#breadcrumb"},"inLanguage":"de","potentialAction":[{"@type":"ReadAction","target":["https:\/\/www.vinivaldi.com\/weine\/produkt\/barbera-monferrato-doc\/"]}]},{"@type":"ImageObject","inLanguage":"de","@id":"https:\/\/www.vinivaldi.com\/weine\/produkt\/barbera-monferrato-doc\/#primaryimage","url":"https:\/\/www.vinivaldi.com\/weine\/wp-content\/uploads\/2020\/04\/CichinaBarbera-Monferrato.jpg","contentUrl":"https:\/\/www.vinivaldi.com\/weine\/wp-content\/uploads\/2020\/04\/CichinaBarbera-Monferrato.jpg","width":890,"height":890,"caption":"CichinaBarbera-Monferrato"},{"@type":"BreadcrumbList","@id":"https:\/\/www.vinivaldi.com\/weine\/produkt\/barbera-monferrato-doc\/#breadcrumb","itemListElement":[{"@type":"ListItem","position":1,"name":"Home","item":"https:\/\/www.vinivaldi.com\/weine\/"},{"@type":"ListItem","position":2,"name":"Shop","item":"https:\/\/www.vinivaldi.com\/weine\/negozio\/"},{"@type":"ListItem","position":3,"name":"Barbera Monferrato Cichina DOC"}]},{"@type":"WebSite","@id":"https:\/\/www.vinivaldi.com\/weine\/#website","url":"https:\/\/www.vinivaldi.com\/weine\/","name":"Landwirtschaftlicher Betrieb Ivaldi Dario von Ivaldi Andrea","description":"","potentialAction":[{"@type":"SearchAction","target":{"@type":"EntryPoint","urlTemplate":"https:\/\/www.vinivaldi.com\/weine\/?s={search_term_string}"},"query-input":{"@type":"PropertyValueSpecification","valueRequired":true,"valueName":"search_term_string"}}],"inLanguage":"de"}]}},"_links":{"self":[{"href":"https:\/\/www.vinivaldi.com\/weine\/wp-json\/wp\/v2\/product\/85","targetHints":{"allow":["GET"]}}],"collection":[{"href":"https:\/\/www.vinivaldi.com\/weine\/wp-json\/wp\/v2\/product"}],"about":[{"href":"https:\/\/www.vinivaldi.com\/weine\/wp-json\/wp\/v2\/types\/product"}],"replies":[{"embeddable":true,"href":"https:\/\/www.vinivaldi.com\/weine\/wp-json\/wp\/v2\/comments?post=85"}],"wp:featuredmedia":[{"embeddable":true,"href":"https:\/\/www.vinivaldi.com\/weine\/wp-json\/wp\/v2\/media\/1810"}],"wp:attachment":[{"href":"https:\/\/www.vinivaldi.com\/weine\/wp-json\/wp\/v2\/media?parent=85"}],"wp:term":[{"taxonomy":"product_brand","embeddable":true,"href":"https:\/\/www.vinivaldi.com\/weine\/wp-json\/wp\/v2\/product_brand?post=85"},{"taxonomy":"product_cat","embeddable":true,"href":"https:\/\/www.vinivaldi.com\/weine\/wp-json\/wp\/v2\/product_cat?post=85"},{"taxonomy":"product_tag","embeddable":true,"href":"https:\/\/www.vinivaldi.com\/weine\/wp-json\/wp\/v2\/product_tag?post=85"}],"curies":[{"name":"wp","href":"https:\/\/api.w.org\/{rel}","templated":true}]}}